{"id":1078,"date":"2022-02-12T10:49:17","date_gmt":"2022-02-12T10:49:17","guid":{"rendered":"http:\/\/limarch.sk\/?page_id=1078"},"modified":"2025-03-01T08:38:45","modified_gmt":"2025-03-01T08:38:45","slug":"dom-p-75","status":"publish","type":"page","link":"https:\/\/www.limarch.sk\/?page_id=1078","title":{"rendered":"DOM P 75"},"content":{"rendered":"\n<p class=\"has-small-font-size\">zastavan\u00e1 plocha:&nbsp; &nbsp;<strong>50 m\u00b2<\/strong><\/p>\n\n\n\n<p class=\"has-small-font-size\">\u00fa\u017eitkov\u00e1 plocha : &nbsp;<strong>75 m\u00b2<\/strong><\/p>\n\n\n\n<p class=\"has-small-font-size\">podla\u017enos\u0165:&nbsp;<strong>1+podkrovie<\/strong><\/p>\n\n\n\n<p class=\"has-small-font-size\">obytn\u00e9 miestnosti:&nbsp;<strong>3<\/strong><\/p>\n\n\n<div class=\"wp-block-image\">\n<figure class=\"aligncenter size-large is-resized\"><img loading=\"lazy\" decoding=\"async\" width=\"1024\" height=\"501\" src=\"http:\/\/limarch.sk\/wp-content\/uploads\/viz-1-1-1024x501.jpg\" alt=\"\" class=\"wp-image-1079\" style=\"width:626px;height:auto\" srcset=\"http:\/\/limarch.sk\/wp-content\/uploads\/viz-1-1-1024x501.jpg 1024w, http:\/\/limarch.sk\/wp-content\/uploads\/viz-1-1-300x147.jpg 300w, http:\/\/limarch.sk\/wp-content\/uploads\/viz-1-1-768x376.jpg 768w, http:\/\/limarch.sk\/wp-content\/uploads\/viz-1-1-1536x751.jpg 1536w, http:\/\/limarch.sk\/wp-content\/uploads\/viz-1-1.jpg 1852w\" sizes=\"auto, (max-width: 1024px) 100vw, 1024px\" \/><\/figure><\/div>\n\n\n<p><\/p>\n\n\n<div class=\"wp-block-image\">\n<figure class=\"aligncenter size-large is-resized\"><img loading=\"lazy\" decoding=\"async\" width=\"1024\" height=\"499\" src=\"http:\/\/limarch.sk\/wp-content\/uploads\/viz-2-1024x499.jpg\" alt=\"\" class=\"wp-image-1080\" style=\"width:628px;height:auto\" srcset=\"http:\/\/limarch.sk\/wp-content\/uploads\/viz-2-1024x499.jpg 1024w, http:\/\/limarch.sk\/wp-content\/uploads\/viz-2-300x146.jpg 300w, http:\/\/limarch.sk\/wp-content\/uploads\/viz-2-768x374.jpg 768w, http:\/\/limarch.sk\/wp-content\/uploads\/viz-2-1536x748.jpg 1536w, http:\/\/limarch.sk\/wp-content\/uploads\/viz-2.jpg 1880w\" sizes=\"auto, (max-width: 1024px) 100vw, 1024px\" \/><\/figure><\/div>\n\n\n<p><\/p>\n\n\n<div class=\"wp-block-image is-resized\">\n<figure class=\"aligncenter size-large\"><img loading=\"lazy\" decoding=\"async\" width=\"872\" height=\"1024\" src=\"http:\/\/limarch.sk\/wp-content\/uploads\/pod-1NP-872x1024.jpg\" alt=\"\" class=\"wp-image-1088\" style=\"width:418px;height:auto\" srcset=\"http:\/\/limarch.sk\/wp-content\/uploads\/pod-1NP-872x1024.jpg 872w, http:\/\/limarch.sk\/wp-content\/uploads\/pod-1NP-256x300.jpg 256w, http:\/\/limarch.sk\/wp-content\/uploads\/pod-1NP-768x902.jpg 768w, http:\/\/limarch.sk\/wp-content\/uploads\/pod-1NP-1308x1536.jpg 1308w, http:\/\/limarch.sk\/wp-content\/uploads\/pod-1NP-1744x2048.jpg 1744w, http:\/\/limarch.sk\/wp-content\/uploads\/pod-1NP.jpg 1799w\" sizes=\"auto, (max-width: 872px) 100vw, 872px\" \/><\/figure><\/div>\n\n\n<p><\/p>\n\n\n<div class=\"wp-block-image is-resized\">\n<figure class=\"aligncenter size-large\"><img loading=\"lazy\" decoding=\"async\" width=\"918\" height=\"1024\" src=\"http:\/\/limarch.sk\/wp-content\/uploads\/pod-podkrovie-918x1024.jpg\" alt=\"\" class=\"wp-image-1090\" style=\"width:422px;height:auto\" srcset=\"http:\/\/limarch.sk\/wp-content\/uploads\/pod-podkrovie-918x1024.jpg 918w, http:\/\/limarch.sk\/wp-content\/uploads\/pod-podkrovie-269x300.jpg 269w, http:\/\/limarch.sk\/wp-content\/uploads\/pod-podkrovie-768x856.jpg 768w, http:\/\/limarch.sk\/wp-content\/uploads\/pod-podkrovie-1378x1536.jpg 1378w, http:\/\/limarch.sk\/wp-content\/uploads\/pod-podkrovie.jpg 1800w\" sizes=\"auto, (max-width: 918px) 100vw, 918px\" \/><\/figure><\/div>\n\n\n<p><\/p>\n\n\n<div class=\"wp-block-image is-resized\">\n<figure class=\"aligncenter size-large\"><img loading=\"lazy\" decoding=\"async\" width=\"1024\" height=\"962\" src=\"http:\/\/limarch.sk\/wp-content\/uploads\/rez-2-1024x962.jpg\" alt=\"\" class=\"wp-image-1091\" style=\"width:444px;height:auto\" srcset=\"http:\/\/limarch.sk\/wp-content\/uploads\/rez-2-1024x962.jpg 1024w, http:\/\/limarch.sk\/wp-content\/uploads\/rez-2-300x282.jpg 300w, http:\/\/limarch.sk\/wp-content\/uploads\/rez-2-768x721.jpg 768w, http:\/\/limarch.sk\/wp-content\/uploads\/rez-2-1536x1443.jpg 1536w, http:\/\/limarch.sk\/wp-content\/uploads\/rez-2.jpg 1793w\" sizes=\"auto, (max-width: 1024px) 100vw, 1024px\" \/><\/figure><\/div>\n\n\n<p><\/p>\n\n\n<div class=\"wp-block-image is-resized\">\n<figure class=\"aligncenter size-large\"><img loading=\"lazy\" decoding=\"async\" width=\"1024\" height=\"827\" src=\"http:\/\/limarch.sk\/wp-content\/uploads\/POHLADY-4-1-1024x827.jpg\" alt=\"\" class=\"wp-image-1092\" style=\"width:494px;height:auto\" srcset=\"http:\/\/limarch.sk\/wp-content\/uploads\/POHLADY-4-1-1024x827.jpg 1024w, http:\/\/limarch.sk\/wp-content\/uploads\/POHLADY-4-1-300x242.jpg 300w, http:\/\/limarch.sk\/wp-content\/uploads\/POHLADY-4-1-768x620.jpg 768w, http:\/\/limarch.sk\/wp-content\/uploads\/POHLADY-4-1-1536x1240.jpg 1536w, http:\/\/limarch.sk\/wp-content\/uploads\/POHLADY-4-1.jpg 1900w\" sizes=\"auto, (max-width: 1024px) 100vw, 1024px\" \/><\/figure><\/div>","protected":false},"excerpt":{"rendered":"<p>zastavan\u00e1 plocha:&nbsp; &nbsp;50 m\u00b2 \u00fa\u017eitkov\u00e1 plocha : &nbsp;75 m\u00b2 podla\u017enos\u0165:&nbsp;1+podkrovie obytn\u00e9 miestnosti:&nbsp;3<\/p>\n","protected":false},"author":1,"featured_media":0,"parent":0,"menu_order":0,"comment_status":"closed","ping_status":"closed","template":"page-template-fullwidth.php","meta":{"footnotes":""},"class_list":["post-1078","page","type-page","status-publish","hentry"],"_links":{"self":[{"href":"https:\/\/www.limarch.sk\/index.php?rest_route=\/wp\/v2\/pages\/1078","targetHints":{"allow":["GET"]}}],"collection":[{"href":"https:\/\/www.limarch.sk\/index.php?rest_route=\/wp\/v2\/pages"}],"about":[{"href":"https:\/\/www.limarch.sk\/index.php?rest_route=\/wp\/v2\/types\/page"}],"author":[{"embeddable":true,"href":"https:\/\/www.limarch.sk\/index.php?rest_route=\/wp\/v2\/users\/1"}],"replies":[{"embeddable":true,"href":"https:\/\/www.limarch.sk\/index.php?rest_route=%2Fwp%2Fv2%2Fcomments&post=1078"}],"version-history":[{"count":6,"href":"https:\/\/www.limarch.sk\/index.php?rest_route=\/wp\/v2\/pages\/1078\/revisions"}],"predecessor-version":[{"id":1709,"href":"https:\/\/www.limarch.sk\/index.php?rest_route=\/wp\/v2\/pages\/1078\/revisions\/1709"}],"wp:attachment":[{"href":"https:\/\/www.limarch.sk\/index.php?rest_route=%2Fwp%2Fv2%2Fmedia&parent=1078"}],"curies":[{"name":"wp","href":"https:\/\/api.w.org\/{rel}","templated":true}]}}