{"id":1143,"date":"2022-07-04T13:38:16","date_gmt":"2022-07-04T13:38:16","guid":{"rendered":"http:\/\/limarch.sk\/?page_id=1143"},"modified":"2025-03-01T08:46:39","modified_gmt":"2025-03-01T08:46:39","slug":"dom-ch-58","status":"publish","type":"page","link":"https:\/\/www.limarch.sk\/?page_id=1143","title":{"rendered":"DOM CH 64"},"content":{"rendered":"\n<p class=\"has-black-color has-text-color has-small-font-size\">zastavan\u00e1 plocha:&nbsp; &nbsp;<strong>40 m\u00b2<\/strong><\/p>\n\n\n\n<p class=\"has-black-color has-text-color has-small-font-size\">\u00fa\u017eitkov\u00e1 plocha : &nbsp;<strong> 64 m\u00b2<\/strong><\/p>\n\n\n\n<p class=\"has-black-color has-text-color has-small-font-size\">podla\u017enos\u0165: <strong>1+podkrovie<\/strong><\/p>\n\n\n\n<p class=\"has-black-color has-text-color has-small-font-size\">obytn\u00e9 miestnosti: <strong>4<\/strong><\/p>\n\n\n\n<p><\/p>\n\n\n<div class=\"wp-block-image\">\n<figure class=\"aligncenter size-large is-resized\"><img loading=\"lazy\" decoding=\"async\" width=\"1024\" height=\"576\" src=\"http:\/\/limarch.sk\/wp-content\/uploads\/viz-1-ch-1024x576.jpg\" alt=\"\" class=\"wp-image-1183\" style=\"width:644px;height:auto\" srcset=\"http:\/\/limarch.sk\/wp-content\/uploads\/viz-1-ch-1024x576.jpg 1024w, http:\/\/limarch.sk\/wp-content\/uploads\/viz-1-ch-300x169.jpg 300w, http:\/\/limarch.sk\/wp-content\/uploads\/viz-1-ch-768x432.jpg 768w, http:\/\/limarch.sk\/wp-content\/uploads\/viz-1-ch-1536x864.jpg 1536w, http:\/\/limarch.sk\/wp-content\/uploads\/viz-1-ch-640x360.jpg 640w, http:\/\/limarch.sk\/wp-content\/uploads\/viz-1-ch.jpg 1920w\" sizes=\"auto, (max-width: 1024px) 100vw, 1024px\" \/><\/figure><\/div>\n\n\n<p><\/p>\n\n\n<div class=\"wp-block-image\">\n<figure class=\"aligncenter size-large is-resized\"><img loading=\"lazy\" decoding=\"async\" width=\"1024\" height=\"576\" src=\"http:\/\/limarch.sk\/wp-content\/uploads\/viz-3-ch-1024x576.jpg\" alt=\"\" class=\"wp-image-1184\" style=\"width:644px;height:auto\" srcset=\"http:\/\/limarch.sk\/wp-content\/uploads\/viz-3-ch-1024x576.jpg 1024w, http:\/\/limarch.sk\/wp-content\/uploads\/viz-3-ch-300x169.jpg 300w, http:\/\/limarch.sk\/wp-content\/uploads\/viz-3-ch-768x432.jpg 768w, http:\/\/limarch.sk\/wp-content\/uploads\/viz-3-ch-1536x864.jpg 1536w, http:\/\/limarch.sk\/wp-content\/uploads\/viz-3-ch-640x360.jpg 640w, http:\/\/limarch.sk\/wp-content\/uploads\/viz-3-ch.jpg 1920w\" sizes=\"auto, (max-width: 1024px) 100vw, 1024px\" \/><\/figure><\/div>\n\n\n<p><\/p>\n\n\n<div class=\"wp-block-image\">\n<figure class=\"aligncenter size-large is-resized\"><img loading=\"lazy\" decoding=\"async\" width=\"1024\" height=\"576\" src=\"http:\/\/limarch.sk\/wp-content\/uploads\/viz-2-ch-1024x576.jpg\" alt=\"\" class=\"wp-image-1185\" style=\"width:644px;height:auto\" srcset=\"http:\/\/limarch.sk\/wp-content\/uploads\/viz-2-ch-1024x576.jpg 1024w, http:\/\/limarch.sk\/wp-content\/uploads\/viz-2-ch-300x169.jpg 300w, http:\/\/limarch.sk\/wp-content\/uploads\/viz-2-ch-768x432.jpg 768w, http:\/\/limarch.sk\/wp-content\/uploads\/viz-2-ch-1536x864.jpg 1536w, http:\/\/limarch.sk\/wp-content\/uploads\/viz-2-ch-640x360.jpg 640w, http:\/\/limarch.sk\/wp-content\/uploads\/viz-2-ch.jpg 1920w\" sizes=\"auto, (max-width: 1024px) 100vw, 1024px\" \/><\/figure><\/div>\n\n\n<p><\/p>\n\n\n<div class=\"wp-block-image\">\n<figure class=\"aligncenter size-large is-resized\"><img loading=\"lazy\" decoding=\"async\" width=\"1024\" height=\"477\" src=\"http:\/\/limarch.sk\/wp-content\/uploads\/SIT-3-1024x477.jpg\" alt=\"\" class=\"wp-image-1190\" style=\"width:654px;height:auto\" srcset=\"http:\/\/limarch.sk\/wp-content\/uploads\/SIT-3-1024x477.jpg 1024w, http:\/\/limarch.sk\/wp-content\/uploads\/SIT-3-300x140.jpg 300w, http:\/\/limarch.sk\/wp-content\/uploads\/SIT-3-768x358.jpg 768w, http:\/\/limarch.sk\/wp-content\/uploads\/SIT-3-1536x715.jpg 1536w, http:\/\/limarch.sk\/wp-content\/uploads\/SIT-3.jpg 1800w\" sizes=\"auto, (max-width: 1024px) 100vw, 1024px\" \/><\/figure><\/div>\n\n\n<p><\/p>\n\n\n<div class=\"wp-block-image\">\n<figure class=\"aligncenter size-large is-resized\"><img loading=\"lazy\" decoding=\"async\" width=\"606\" height=\"1024\" src=\"http:\/\/limarch.sk\/wp-content\/uploads\/POD-1-606x1024.jpg\" alt=\"\" class=\"wp-image-1186\" style=\"width:350px;height:auto\" srcset=\"http:\/\/limarch.sk\/wp-content\/uploads\/POD-1-606x1024.jpg 606w, http:\/\/limarch.sk\/wp-content\/uploads\/POD-1-178x300.jpg 178w, http:\/\/limarch.sk\/wp-content\/uploads\/POD-1-768x1298.jpg 768w, http:\/\/limarch.sk\/wp-content\/uploads\/POD-1-909x1536.jpg 909w, http:\/\/limarch.sk\/wp-content\/uploads\/POD-1.jpg 1065w\" sizes=\"auto, (max-width: 606px) 100vw, 606px\" \/><\/figure><\/div>\n\n\n<p><\/p>\n\n\n<div class=\"wp-block-image is-resized\">\n<figure class=\"aligncenter size-large\"><img loading=\"lazy\" decoding=\"async\" width=\"982\" height=\"1024\" src=\"http:\/\/limarch.sk\/wp-content\/uploads\/REZ-5-982x1024.jpg\" alt=\"\" class=\"wp-image-1187\" style=\"width:316px;height:auto\" srcset=\"http:\/\/limarch.sk\/wp-content\/uploads\/REZ-5-982x1024.jpg 982w, http:\/\/limarch.sk\/wp-content\/uploads\/REZ-5-288x300.jpg 288w, http:\/\/limarch.sk\/wp-content\/uploads\/REZ-5-768x801.jpg 768w, http:\/\/limarch.sk\/wp-content\/uploads\/REZ-5-rotated.jpg 1120w\" sizes=\"auto, (max-width: 982px) 100vw, 982px\" \/><\/figure><\/div>\n\n\n<p><\/p>\n\n\n<div class=\"wp-block-image\">\n<figure class=\"aligncenter size-large is-resized\"><img loading=\"lazy\" decoding=\"async\" width=\"1024\" height=\"841\" src=\"http:\/\/limarch.sk\/wp-content\/uploads\/POH-1024x841.jpg\" alt=\"\" class=\"wp-image-1188\" style=\"width:574px;height:auto\" srcset=\"http:\/\/limarch.sk\/wp-content\/uploads\/POH-1024x841.jpg 1024w, http:\/\/limarch.sk\/wp-content\/uploads\/POH-300x246.jpg 300w, http:\/\/limarch.sk\/wp-content\/uploads\/POH-768x631.jpg 768w, http:\/\/limarch.sk\/wp-content\/uploads\/POH.jpg 1500w\" sizes=\"auto, (max-width: 1024px) 100vw, 1024px\" \/><\/figure><\/div>\n\n\n<p><\/p>\n","protected":false},"excerpt":{"rendered":"<p>zastavan\u00e1 plocha:&nbsp; &nbsp;40 m\u00b2 \u00fa\u017eitkov\u00e1 plocha : &nbsp; 64 m\u00b2 podla\u017enos\u0165: 1+podkrovie obytn\u00e9 miestnosti: 4<\/p>\n","protected":false},"author":1,"featured_media":1183,"parent":0,"menu_order":0,"comment_status":"closed","ping_status":"closed","template":"page-template-fullwidth.php","meta":{"footnotes":""},"class_list":["post-1143","page","type-page","status-publish","has-post-thumbnail","hentry"],"_links":{"self":[{"href":"https:\/\/www.limarch.sk\/index.php?rest_route=\/wp\/v2\/pages\/1143","targetHints":{"allow":["GET"]}}],"collection":[{"href":"https:\/\/www.limarch.sk\/index.php?rest_route=\/wp\/v2\/pages"}],"about":[{"href":"https:\/\/www.limarch.sk\/index.php?rest_route=\/wp\/v2\/types\/page"}],"author":[{"embeddable":true,"href":"https:\/\/www.limarch.sk\/index.php?rest_route=\/wp\/v2\/users\/1"}],"replies":[{"embeddable":true,"href":"https:\/\/www.limarch.sk\/index.php?rest_route=%2Fwp%2Fv2%2Fcomments&post=1143"}],"version-history":[{"count":9,"href":"https:\/\/www.limarch.sk\/index.php?rest_route=\/wp\/v2\/pages\/1143\/revisions"}],"predecessor-version":[{"id":1713,"href":"https:\/\/www.limarch.sk\/index.php?rest_route=\/wp\/v2\/pages\/1143\/revisions\/1713"}],"wp:featuredmedia":[{"embeddable":true,"href":"https:\/\/www.limarch.sk\/index.php?rest_route=\/wp\/v2\/media\/1183"}],"wp:attachment":[{"href":"https:\/\/www.limarch.sk\/index.php?rest_route=%2Fwp%2Fv2%2Fmedia&parent=1143"}],"curies":[{"name":"wp","href":"https:\/\/api.w.org\/{rel}","templated":true}]}}